inder when 2074597 is divided by 230351.
1438
Calculate the remainder when 4219544 is divided by 1406513.
5
Calculate the remainder when 61004721 is divided by 61004707.
14
Calculate the remainder when 6729 is divided by 896.
457
What is the remainder when 143021 is divided by 71455?
111
What is the remainder when 382376 is divided by 9315?
461
Calculate the remainder when 4658740 is divided by 23.
21
What is the remainder when 62351 is divided by 345?
251
What is the remainder when 4478020 is divided by 895601?
15
What is the remainder when 7362 is divided by 1171?
336
Calculate the remainder when 2276889 is divided by 43.
39
Calculate the remainder when 278206 is divided by 138865.
476
Calculate the remainder when 431909 is divided by 47934.
503
What is the remainder when 1319413 is divided by 2111?
38
Calculate the remainder when 1151829 is divided by 1447.
17
Calculate the remainder when 468136 is divided by 234031.
74
Calculate the remainder when 686623 is divided by 29807.
1062
Calculate the remainder when 30619 is divided by 712.
3
What is the remainder when 7299407 is divided by 155306?
25
Calculate the remainder when 151203524 is divided by 37800880.
4
What is the remainder when 24472312 is divided by 6118071?
28
What is the remainder when 57387975 is divided by 106?
105
Calculate the remainder when 7890298 is divided by 60.
58
What is the remainder when 96165 is divided by 9548?
685
Calculate the remainder when 223380663 is divided by 9257.
9253
What is the remainder when 217457 is divided by 2014?
1959
Calculate the remainder when 6684806 is divided by 3115.
16
What is the remainder when 596768 is divided by 3595?
3593
What is the remainder when 24772958 is divided by 95?
93
Calculate the remainder when 41527898 is divided by 680785.
13
What is the remainder when 1523038 is divided by 6709?
95
What is the remainder when 122628 is divided by 30607?
200
Calculate the remainder when 54733 is divided by 18030.
643
What is the remainder when 5260136 is divided by 5362?
14
What is the remainder when 25158312 is divided by 245?
242
Calculate the remainder when 79599 is divided by 3641.
3138
What is the remainder when 904222 is divided by 365?
117
What is the remainder when 10316612 is divided by 305?
292
Calculate the remainder when 358316 is divided by 152.
52
What is the remainder when 199397 is divided by 66424?
125
Calculate the remainder when 680624 is divided by 13473.
6974
Calculate the remainder when 21294 is divided by 6574.
1572
Calculate the remainder when 420308636 is divided by 2053.
2052
What is the remainder when 80572 is divided by 2866?
324
What is the remainder when 11673524 is divided by 284?
272
Calculate the remainder when 48710873 is divided by 29486.
1
Calculate the remainder when 20377 is divided by 2934.
2773
What is the remainder when 1798332 is divided by 34?
4
What is the remainder when 3699288 is divided by 4630?
4548
What is the remainder when 9809455 is divided by 65?
45
What is the remainder when 1384038 is divided by 2687?
233
What is the remainder when 9902060 is divided by 171?
134
What is the remainder when 261716 is divided by 1558?
1530
What is the remainder when 99998 is divided by 2204?
818
Calculate the remainder when 4927805 is divided by 42850.
55
What is the remainder when 41257 is divided by 13236?
1549
What is the remainder when 374615 is divided by 479?
37
What is the remainder when 27949 is divided by 44?
9
What is the remainder when 335258 is divided by 83814?
2
What is the remainder when 329563295 is divided by 72?
71
Calculate the remainder when 171987 is divided by 23040.
10707
Calculate the remainder when 1771874 is divided by 161079.
5
What is the remainder when 108181888 is divided by 18?
16
Calculate the remainder when 97655 is divided by 528.
503
Calculate the remainder when 138974 is divided by 46300.
74
What is the remainder when 309382 is divided by 103001?
379
Calculate the remainder when 265518 is divided by 5199.
369
Calculate the remainder when 25584669 is divided by 110756.
33
Calculate the remainder when 42916758 is divided by 842.
18
Calculate the remainder when 4347217 is divided by 197.
18
What is the remainder when 734327 is divided by 294?
209
Calculate the remainder when 7665742 is divided by 2704.
2606
Calculate the remainder when 901452 is divided by 2463.
2457
Calculate the remainder when 18791703 is divided by 81.
27
Calculate the remainder when 159449 is divided by 2332.
873
Calculate the remainder when 715978 is divided by 1850.
28
What is the remainder when 242845 is divided by 25?
20
Calculate the remainder when 129580 is divided by 342.
304
What is the remainder when 190181 is divided by 1077?
629
What is the remainder when 53490233 is divided by 13372555?
13
Calculate the remainder when 146421 is divided by 4439.
4373
Calculate the remainder when 350462 is divided by 1844.
102
What is the remainder when 2332416 is divided by 777184?
864
Calculate the remainder when 23778984 is divided by 17575.
9
Calculate the remainder when 1240667 is divided by 82711.
2
What is the remainder when 634118 is divided by 225?
68
Calculate the remainder when 30858 is divided by 313.
184
What is the remainder when 153041 is divided by 17002?
23
What is the remainder when 3377540 is divided by 956?
948
What is the remainder when 721352 is divided by 20606?
142
What is the remainder when 38340 is divided by 8934?
2604
Calculate the remainder when 173310 is divided by 315.
60
Calculate the remainder when 37901 is divided by 37880.
21
What is the remainder when 29374168 is divided by 1174966?
18
What is the remainder when 180109 is divided by 179711?
398
Calculate the remainder when 4106345 is divided by 1706.
3
What is the remainder when 779401 is divided by 779285?
116
Calculate the remainder when 21802 is divided by 236.
90
What is the remainder when 20222711 is divided by 2527838?
7
What is the remainder when 4169896 is divided by 521236?
8
Calculate the remainder when 1023129 is divided by 33.
30
What is the remainder when 128858 is divided by 445?
253
What is the remainder when 9741917 is divided by 974190?
17
What is the remainder when 565311 is divided by 544?
95
Calculate the remainder when 67813 is divided by 13508.
273
Calculate the remainder when 111154 is divided by 84.
22
What is the remainder when 76627 is divided by 4519?
4323
What is the remainder when 15456601 is divided by 161?
118
Calculate the remainder when 51120 is divided by 16423.
1851
What is the remainder when 1783492 is divided by 54045?
7
Calculate the remainder when 2488589 is divided by 431.
426
Calculate the remainder when 49869 is divided by 49707.
162
Calculate the remainder when 53441479 is divided by 816.
7
Calculate the remainder when 360038202 is divided by 14.
6
Calculate the remainder when 3871686 is divided by 438.
204
Calculate the remainder when 17677615 is divided by 841791.
4
Calculate the remainder when 10370683 is divided by 452.
447
Calculate the remainder when 343192 is divided by 34301.
182
Calculate the remainder when 98694 is divided by 519.
84
What is the remainder when 11509233 is divided by 6?
3
What is the remainder when 12107 is divided by 4311?
3485
What is the remainder when 8389280 is divided by 37?
11
What is the remainder when 10760641 is divided by 6828?
6541
What is the remainder when 6293171 is divided by 2336?
2323
Calculate the remainder when 14581217 is divided by 3984.
3761
What is the remainder when 6872227 is divided by 3382?
3
Calculate the remainder when 136485 is divided by 1265.
1130
Calculate the remainder when 5510386 is divided by 117.
37
What is the remainder when 15608098 is divided by 6996?
22
Calculate the remainder when 183631 is divided by 9181.
11
What is the remainder when 521667 is divided by 2533?
2402
Calculate the remainder when 1143307 is divided by 126976.
523
Calculate the remainder when 137584 is divided by 17195.
24
Calculate the remainder when 4737845 is divided by 985.
980
Calculate the remainder when 2462273 is divided by 565.
3
What is the remainder when 47269733 is divided by 2363486?
13
Calculate the remainder when 178457 is divided by 597.
551
Calculate the remainder when 180552 is divided by 120.
72
What is the remainder when 4